{"id":438,"date":"2022-12-27T09:40:39","date_gmt":"2022-12-27T08:40:39","guid":{"rendered":"https:\/\/www.impiantitermici.ap.it\/?page_id=438"},"modified":"2025-04-07T11:09:07","modified_gmt":"2025-04-07T09:09:07","slug":"il-servizio-2","status":"publish","type":"page","link":"https:\/\/www.impiantitermici.ap.it\/?page_id=438","title":{"rendered":"Il Servizio"},"content":{"rendered":"<p>L&#8217;ufficio Impianti Termici dell&#8217;Azienda Multi Servizi S.p.A.:<\/p>\n<ul>\n<li>gestisce il Catasto Unico Regione Marche Impianti Termici (<strong>CURMIT<\/strong>) dei territori comunali di Ascoli Piceno e di San Benedetto del Tronto;<\/li>\n<li>offre un&#8217;<strong>assistenza tecnica e amministrativa<\/strong> costante ai cittadini e ai tecnici del settore;<\/li>\n<li>gestisce le<strong> attivit\u00e0 ispettive<\/strong>, secondo quanto stabilito dalla L.R. 19\/2015, nei territori comunali di Ascoli Piceno e di San Benedetto del Tronto.<\/li>\n<\/ul>\n<p><strong>Il CURMIT<\/strong>\u00a0\u00e8 stato istituito ai sensi dell\u2019art. 12 della Legge regionale 20 aprile 2015, n. 19 e ha sostituito i database e i catasti in precedenza gestiti territorialmente dagli enti preposti ai controlli ed ispezioni sugli impianti. Il CURMIT contiene i dati relativi a tutti gli impianti termici presenti sul territorio regionale e consente di gestire per via telematica un\u2019ampia serie di attivit\u00e0 e comunicazioni. In CURMIT \u00e8 altres\u00ec possibile rinvenire tutta la documentazione relativa ad ogni impianto censito (libretto d\u2019impianto, rapporti di controllo dell\u2019efficienza energetica, ecc.). Al CURMIT possono accedere tutti i soggetti interessati: gli installatori, i manutentori, le autorit\u00e0 competenti, gli organismi esterni, i cittadini, gli amministratori di condominio e i distributori di combustibile. Rientrano nell\u2019ambito di applicazione della normativa regionale sugli impianti termici, e quindi devono essere censiti in CURMIT, gli\u00a0<strong>impianti utilizzati per riscaldare o raffrescare gli ambienti ai fini del comfort degli utenti e per la produzione di acqua calda sanitaria<\/strong>.<\/p>\n<p><strong>Sono quindi impianti termici:<\/strong><br \/>\n\u2022 gli impianti di riscaldamento dotati di generatori di calore alimentati a gas, a gasolio, a biomassa, energia elettrica, altro (ad esempio: caldaie, condizionatori, pompe di calore );<br \/>\n\u2022 stufe, caminetti a camera chiusa, apparecchi di riscaldamento localizzato ad energia radiante quando sono installati in modo fisso alle pareti o al soffitto;<br \/>\n\u2022 gli impianti di climatizzazione estiva;<br \/>\n\u2022 gli impianti di esclusiva produzione di acqua calda sanitaria per una pluralit\u00e0 di utenze o comunque non destinati a servire singole unit\u00e0 immobiliari residenziali o assimilate.<br \/>\n\u2022 gli impianti alimentati da teleriscaldamento e\/o i sistemi e gli apparecchi cogenerativi.<br \/>\nSono assimilati agli impianti termici quegli impianti a uso promiscuo nei quali la potenza utile dedicata alla<strong>\u00a0<\/strong>climatizzazione degli ambienti ai fini del comfort degli utenti \u00e8 superiore\u00a0a quella dedicata alle esigenze tecnologiche o a fini produttivi, comprendenti anche la climatizzazione dei locali destinati a ospitare apparecchi o sostanze che necessitano di temperature controllate.<\/p>\n<p><strong>\u00a0Non sono invece impianti termici\u00a0<\/strong>(e non vanno quindi censiti in CURMIT):<br \/>\n\u2022 gli impianti ad uso promiscuo destinati prevalentemente a fini produttivi o a cicli di processo, quali ad esempio gli impianti per la climatizzazione dei locali destinati a ospitare apparecchi o sostanze che necessitano di temperature controllate (come quelli per il raffrescamento dei centri elaborazione dati (CED), gli impianti a servizio di celle frigorifere o di essiccatoi, ecc.);<br \/>\n\u2022 gli apparecchi per il riscaldamento o il raffrescamento di tipo mobile, ossia non installati in modo fisso alle pareti o al soffitto;<br \/>\n\u2022 i condizionatori da finestra, anche se fissati alla parete o alla finestra;<br \/>\n\u2022 i sistemi di esclusiva produzione di acqua calda sanitaria se al servizio della singola unit\u00e0 immobiliare residenziale o assimilata (compresi gli scaldabagni unifamiliari), come ad esempio sedi di attivit\u00e0 professionale, commerciale o associativa, purch\u00e9 prevedano un uso di acqua calda sanitaria comparabile a quello tipico di una destinazione puramente residenziale (studio legale, studio medico, agenzia assicurativa, patronato\u2026).<\/p>\n<p><strong>L&#8217;ASSISTENZA TECNICA E AMMINISTRATIVA <\/strong>offerta dall&#8217;ufficio Impianti Termici \u00e8 continua e aggiornata alle ultime direttive regionali e normative. I cittadini possono trovare le risposte ai comuni dubbi relativi alle manutenzioni da effettuare, alla frequenza da rispettare e alle modalit\u00e0 di accesso al CURMIT. I professionisti possono ottenere un&#8217;adeguata consulenza per aggiornare correttamente il CURMIT e per eseguire regolarmente le procedure tecniche, previste dalla loro mansione.<\/p>\n<p><strong>Le ISPEZIONI<\/strong> degli impianti termici nei territori comunali di Ascoli Piceno e San Benedetto del Tronto sono gestite dall&#8217;Azienda Multi Servizi S.p.A.. Sono soggetti agli accertamenti o alle ispezioni gli impianti termici, sia autonomi che centralizzati, alimentati a combustibile gassoso, liquido o solido, a energia elettrica, teleriscaldamento, tramite cogenerazione o trigenerazione, aventi le seguenti caratteristiche: a)\u00a0\u00a0\u00a0\u00a0\u00a0 impianti con sottosistemi di generazione a fiamma (caldaie) o con scambiatori di calore collegati ad impianti di teleriscaldamento aventi potenza termica utile nominale non minore di 10 kW; b)\u00a0\u00a0\u00a0\u00a0 impianti a ciclo frigorifero (pompe di calore) con potenza termica utile nominale, in uno dei due servizi (riscaldamento o raffrescamento), non minore di 12 kW. Le ispezioni in campo sono programmate in base ai seguenti criteri e priorit\u00e0: a)\u00a0\u00a0\u00a0\u00a0\u00a0 rilievo di criticit\u00e0 emerso nel corso della fase di accertamento documentale; b)\u00a0\u00a0\u00a0\u00a0 mancata o ritardata trasmissione del rapporto di controllo di efficienza energetica (REE \u2013 allegati 9, 10, 11 e 12 al DDPF 61\/EFR del 04\/06\/2015); c)\u00a0\u00a0\u00a0\u00a0\u00a0 rapporto di controllo di efficienza energetica (REE) privo del segno identificativo di cui all\u2019articolo 11 della LR 19\/2015; d)\u00a0\u00a0\u00a0\u00a0 mancata o ritardata trasmissione della dichiarazione di avvenuta manutenzione di cui al comma 4 dell\u2019articolo 4 della LR 19\/2015 (allegato 8 al DDPF 61\/EFR del 04\/06\/2015); e)\u00a0\u00a0\u00a0\u00a0 ordine e cadenze previsti nell\u2019Allegato 4 alla LR 19\/2015, in funzione della potenza e della tipologia degli impianti. Nel cronoprogramma delle ispezioni si parte dagli impianti con et\u00e0 superiore a quindici anni.<\/p>\n<p><strong>La carta dei Servizi<\/strong><\/p>\n<p><a href=\"https:\/\/www.impiantitermici.ap.it\/wp-content\/uploads\/2023\/03\/Carta-dei-servizi-ams-spa.pdf\" class=\"mtli_attachment mtli_pdf\" target=\"_blank\" rel=\"noopener\">Carta dei servizi aggiornata al 31\/03\/2023<\/a><\/p>\n<p><strong>Personale Ufficio Impianti Termici<\/strong><\/p>\n<p><strong>Simona<\/strong><\/p>\n<p>Ingegnere &#8211; Responsabile di settore<\/p>\n<p><strong>Alba<\/strong><\/p>\n<p>Amministrativo<\/p>\n<p><strong>Antonella<\/strong><\/p>\n<p>Amministrativo<\/p>\n","protected":false},"excerpt":{"rendered":"<p>L&#8217;ufficio Impianti Termici dell&#8217;Azienda Multi Servizi S.<\/p>\n","protected":false},"author":1,"featured_media":0,"parent":0,"menu_order":0,"comment_status":"closed","ping_status":"closed","template":"","meta":{"footnotes":""},"tags":[],"class_list":["post-438","page","type-page","status-publish","hentry"],"_links":{"self":[{"href":"https:\/\/www.impiantitermici.ap.it\/index.php?rest_route=\/wp\/v2\/pages\/438","targetHints":{"allow":["GET"]}}],"collection":[{"href":"https:\/\/www.impiantitermici.ap.it\/index.php?rest_route=\/wp\/v2\/pages"}],"about":[{"href":"https:\/\/www.impiantitermici.ap.it\/index.php?rest_route=\/wp\/v2\/types\/page"}],"author":[{"embeddable":true,"href":"https:\/\/www.impiantitermici.ap.it\/index.php?rest_route=\/wp\/v2\/users\/1"}],"replies":[{"embeddable":true,"href":"https:\/\/www.impiantitermici.ap.it\/index.php?rest_route=%2Fwp%2Fv2%2Fcomments&post=438"}],"version-history":[{"count":6,"href":"https:\/\/www.impiantitermici.ap.it\/index.php?rest_route=\/wp\/v2\/pages\/438\/revisions"}],"predecessor-version":[{"id":511,"href":"https:\/\/www.impiantitermici.ap.it\/index.php?rest_route=\/wp\/v2\/pages\/438\/revisions\/511"}],"wp:attachment":[{"href":"https:\/\/www.impiantitermici.ap.it\/index.php?rest_route=%2Fwp%2Fv2%2Fmedia&parent=438"}],"wp:term":[{"taxonomy":"post_tag","embeddable":true,"href":"https:\/\/www.impiantitermici.ap.it\/index.php?rest_route=%2Fwp%2Fv2%2Ftags&post=438"}],"curies":[{"name":"wp","href":"https:\/\/api.w.org\/{rel}","templated":true}]}}